{"id":4758,"date":"2017-01-16T01:45:44","date_gmt":"2017-01-16T05:45:44","guid":{"rendered":"http:\/\/www.ea.aw\/pages\/?page_id=4758"},"modified":"2017-12-02T14:54:25","modified_gmt":"2017-12-02T18:54:25","slug":"lifetime-achievement-award-2015","status":"publish","type":"page","link":"https:\/\/www.ea.aw\/pages\/appeldioro\/appel-di-oro-2015\/lifetime-achievement-award-2015\/","title":{"rendered":"Lifetime Achievement Award 2015"},"content":{"rendered":"<hr \/>\n<h3>Nigel Matthew | Colegio San Nicolas<\/h3>\n<table style=\"width: 745px;\" border=\"0\">\n<tbody>\n<tr>\n<td style=\"width: 250px;\"><img loading=\"lazy\" decoding=\"async\" src=\"https:\/\/www.ea.aw\/pages\/wp-content\/uploads\/ph\/ado\/2015\/lifetime-achievement_nigel-matthew.jpg\" width=\"200\" height=\"200\" border=\"0\" \/><\/td>\n<td style=\"text-align: justify;\">\n<p style=\"text-align: left;\"><strong>Meneer Nigel Matthew<\/strong> a cuminsa su carera den ensenansa na a\u00f1a 1970 na Academia di Arte na nos hermana isla Korsou. Na a\u00f1a 1972 meneer Matthew a bin traha na Aruba, na Colegio Arubano.<\/p>\n<p style=\"text-align: left;\">Despues di a traha 5 a\u00f1a eynan meneer Matthew a wordo aserca pa run Colegio na San Nicolas. Esaki a stra\u00f1&#8217;e, manera el a bisa den su mes palabra: <em>&#8220;Being an artist they asked me if I would like to run the Colegio in San Nicolas&#8221;<\/em>. Pero, el a tuma e reto y a haci e trabou di pionero guiando e scol como cabesante.<\/p>\n<\/td>\n<\/tr>\n<\/tbody>\n<\/table>\n<p style=\"text-align: left;\">Nos tur sa cu arte ta meneer Matthew su passion. Pero tur su trabounan den ense\u00f1ansa tambe ela haci cu hopi pasion. Su trabou ta su yamada den bida.<\/p>\n<p style=\"text-align: left;\">Cu tempo meneer Matthew bin realisa cu un mucha ta pasa basta a\u00f1a na scol y como maestro bo tin hopi influencia, sea positivo of negativo. Meneer Matthew a bisa nos cu nos tur tin bon memoria y nos tur ta corda kico un maestro a yega di bisa nos, sea positivo of pa kibra nos. Y cu un maestro no mag laga niun mucha keda cu cicatriz.<\/p>\n<p style=\"text-align: left;\">Meneer Matthew ta haya cu e trabou di un maestro no ta pa si\u00f1a e alumno cosnan cognitivo so, pero tambe pa educa. Semper ela eherce su trabou cu hopi empatia pa e alumno y semper e tabatin un bon relacion cu su alumnonan y cu nan mayornan. Den su carera ela ordo confronta cu hopi situacion social penoso y ela yuda hopi alumno den situacionnan dificil. Hopi alumno cu tabata enfrenta problemanan familiar o sicologico mara na fase di bida cu nan ta aden, a haya oido y yudansa cerca meneer Matthew. Cu tempo meneer Matthew a si\u00f1a haya mas pasenshi, algo cu e ta haya hopi importante den e trabou.<\/p>\n<p style=\"text-align: left;\">Durante su carera semper ela lesa hopi y scucha good practices di otronan p&#8217;asina e desaroya su mes. Pa meneer Matthew un cabesante cu ta resalta den su trabou ta un cabesante cu ta traha cu su team, ta scucha su team y ta scucha su alumnonan. Teamwork ta hopi importante. Tambe e cabesante mester ta hopi consequent y rechtvaardig, straightforward, strict, honesto y fair.<\/p>\n<p style=\"text-align: left;\">Despues di a yega e edad di pensioen meneer Matthew a keda envoluncra den nos ense\u00f1ansa, trahando riba contract. A\u00f1a escolar 2014-2015 tabata su ultimo a\u00f1a, pero asina mes ela ofrece su experticio pa e a\u00f1a escolar aki y a yuda prepara e rooster di Colegio San Nicolas.<\/p>\n<p style=\"text-align: left;\">Palabranan hopi bunita di meneer Matthew ta: <em>&#8220;You as a student bring out the best in me&#8221;<\/em>.<\/p>\n<p style=\"text-align: left;\">Meneer Matthew su gran deseo pa ense\u00f1ansa na Aruba:<\/p>\n<p style=\"text-align: left;\"><strong><em>&#8220;Studying the psychology of the children in this modern age will help a teacher find the tools&#8221;<\/em><\/strong>.<\/p>\n<table border=\"0\">\n<tbody>\n<tr>\n<td><img loading=\"lazy\" decoding=\"async\" src=\"https:\/\/www.ea.aw\/pages\/wp-content\/uploads\/ph\/ado\/2015\/lifetime_nigel-matthew-3.jpg\" width=\"620\" height=\"267\" border=\"0\" \/><\/td>\n<\/tr>\n<tr style=\"height: 10px;\">\n<td><\/td>\n<\/tr>\n<tr>\n<td><img loading=\"lazy\" decoding=\"async\" src=\"https:\/\/www.ea.aw\/pages\/wp-content\/uploads\/ph\/ado\/2015\/lifetime_nigel-matthew-2.jpg\" width=\"620\" height=\"444\" border=\"0\" \/><\/td>\n<\/tr>\n<\/tbody>\n<\/table>\n","protected":false},"excerpt":{"rendered":"<p>Nigel Matthew | Colegio San Nicolas Meneer Nigel Matthew a cuminsa su carera den ensenansa na a\u00f1a 1970 na Academia di Arte na nos hermana isla Korsou. Na a\u00f1a 1972 meneer Matthew a bin traha na Aruba, na Colegio Arubano. Despues di a traha 5 a\u00f1a eynan meneer Matthew a wordo aserca pa run Colegio [&hellip;]<\/p>\n","protected":false},"author":1,"featured_media":0,"parent":4746,"menu_order":0,"comment_status":"closed","ping_status":"closed","template":"","meta":{"footnotes":""},"class_list":["post-4758","page","type-page","status-publish","hentry"],"_links":{"self":[{"href":"https:\/\/www.ea.aw\/pages\/wp-json\/wp\/v2\/pages\/4758","targetHints":{"allow":["GET"]}}],"collection":[{"href":"https:\/\/www.ea.aw\/pages\/wp-json\/wp\/v2\/pages"}],"about":[{"href":"https:\/\/www.ea.aw\/pages\/wp-json\/wp\/v2\/types\/page"}],"author":[{"embeddable":true,"href":"https:\/\/www.ea.aw\/pages\/wp-json\/wp\/v2\/users\/1"}],"replies":[{"embeddable":true,"href":"https:\/\/www.ea.aw\/pages\/wp-json\/wp\/v2\/comments?post=4758"}],"version-history":[{"count":6,"href":"https:\/\/www.ea.aw\/pages\/wp-json\/wp\/v2\/pages\/4758\/revisions"}],"predecessor-version":[{"id":9642,"href":"https:\/\/www.ea.aw\/pages\/wp-json\/wp\/v2\/pages\/4758\/revisions\/9642"}],"up":[{"embeddable":true,"href":"https:\/\/www.ea.aw\/pages\/wp-json\/wp\/v2\/pages\/4746"}],"wp:attachment":[{"href":"https:\/\/www.ea.aw\/pages\/wp-json\/wp\/v2\/media?parent=4758"}],"curies":[{"name":"wp","href":"https:\/\/api.w.org\/{rel}","templated":true}]}}