{"id":19412,"date":"2019-08-16T17:10:42","date_gmt":"2019-08-16T21:10:42","guid":{"rendered":"http:\/\/www.ea.aw\/pages\/?page_id=19412"},"modified":"2021-10-18T14:26:52","modified_gmt":"2021-10-18T18:26:52","slug":"skoa","status":"publish","type":"page","link":"https:\/\/www.ea.aw\/pages\/organisacion\/skoa\/","title":{"rendered":"SKOA"},"content":{"rendered":"<p><span style=\"color: #00a1ab;\"><em>Gesubsidieerde bijzondere schoolbesturen: Stichting Katholiek Onderwijs Aruba (SKOA)<br \/>\n<\/em><\/span><span style=\"color: #00a1ab;\"><em>Subsidized special school boards: Foundation for Catholic education<\/em><\/span><\/p>\n<hr \/>\n<p style=\"text-align: left;\"><img loading=\"lazy\" decoding=\"async\" class=\"alignnone wp-image-19413\" src=\"https:\/\/www.ea.aw\/pages\/wp-content\/uploads\/2019\/08\/logo-skoa.jpg\" alt=\"\" width=\"250\" height=\"82\" \/><\/p>\n<hr \/>\n<p style=\"text-align: left;\">Stichting Katholiek Onderwijs Aruba (SKOA) a wordo funda dia 1 di januari 1971 pa ofrece ense\u00f1ansa basa riba e religion catolico na Aruba.<\/p>\n<p>SKOA tin bou su maneho:<\/p>\n<ul>\n<li>15 scol di ense\u00f1ansa preparatorio (kleuter)<\/li>\n<li>25 scol di ense\u00f1ansa basico<\/li>\n<li>1 scol pa ense\u00f1ansa special<\/li>\n<li>5 scol di ense\u00f1ansa avansa (mavo)<\/li>\n<\/ul>\n<hr \/>\n<div id=\"accordion-1\" class=\"accordion no-js\"><\/p>\n<p>\n\t\t\t\t\t<h3 role=\"button\" id=\"accordion-1-t1\" class=\"accordion-title js-accordion-controller\" aria-controls=\"accordion-1-c1\" aria-expanded=\"false\" tabindex=\"0\">\n\t\t\t\tMissie SKOA\t\t\t<\/h3>\n\t\t\n\t\t<div id=\"accordion-1-c1\" class=\"accordion-content\" aria-hidden=\"true\">\n\t\t\t<\/p>\n<p>SKOA bestaat voor de leerlingen, leerkrachten, ouders, overheid en gemeenschap van Aruba om vorming en onderwijs te bieden met een Katholieke grondslag.<\/p>\n<p><em>\u201cUn fundacion catolico respeta den nos comunidad multicultural sirbiendo ense\u00f1ansa cu cuido, dedicacion y cari\u00f1o cu un maneho solido pa tur alumno, mayor y personal.\u201d<\/em><\/p>\n<p>\t\t<\/div>\n\n\t\t<\/p>\n<p>\n\t\t\t\t\t<h3 role=\"button\" id=\"accordion-1-t2\" class=\"accordion-title js-accordion-controller\" aria-controls=\"accordion-1-c2\" aria-expanded=\"false\" tabindex=\"0\">\n\t\t\t\tVisie SKOA\t\t\t<\/h3>\n\t\t\n\t\t<div id=\"accordion-1-c2\" class=\"accordion-content\" aria-hidden=\"true\">\n\t\t\t<\/p>\n<p>SKOA streeft naar innovatie op het gebied van onderwijs en opvoeding wat van kwalitatief hoog niveau moet zijn, dit met Katholieke grondslag en stimulerend leiderschap. Gelijkwaardige partner met eigen verantwoordelijkheden.<\/p>\n<p><em>\u201cPa crea un bon ambiente profesional di trabou den cual alumno, mayor y personal ta sinti nan contento y sigur y ta florece como Catolic\u00f3 den mente y alma.\u201d<\/em><\/p>\n<p>\t\t<\/div>\n\n\t\t<\/p>\n<p>\n\t\t\t\t\t<h3 role=\"button\" id=\"accordion-1-t3\" class=\"accordion-title js-accordion-controller\" aria-controls=\"accordion-1-c3\" aria-expanded=\"false\" tabindex=\"0\">\n\t\t\t\tWerken bij SKOA\t\t\t<\/h3>\n\t\t\n\t\t<div id=\"accordion-1-c3\" class=\"accordion-content\" aria-hidden=\"true\">\n\t\t\t<\/p>\n<p>Op deze website [ea.aw] worden regelmatig vacatures geplaatst voor het leraarsberoep, voor in de school-management en voor onderwijsondersteunende beroepen. De vacatures zijn afkomstig van verschillende organisaties. Sollicitaties dient u te richten aan de in de vacature vermelde organisatie.<\/p>\n<p>Alle informatie die ons over de vacature bekend is staat op de website. Voor vragen en of informatie m.b.t. gepubliceerde vacatures dient u ook contact op te nemen met de desbetreffende organisatie. De betreffende organisatie is verantwoordelijk voor de afhandeling van sollicitaties. Naar de vacatures:<\/p>\n<ul>\n<li><a href=\"https:\/\/www.ea.aw\/pages\/vacatures\/\">ea.aw &gt; Vacatures<\/a><\/li>\n<\/ul>\n<p>Kijk ook op de website van SKOA:<\/p>\n<ul>\n<li><a href=\"http:\/\/www.skoa.aw\" target=\"_blank\" rel=\"noopener noreferrer\">skoa.aw<\/a><\/li>\n<\/ul>\n<p>\t\t<\/div>\n\n\t\t<\/p>\n<p>\n\t\t\t\t\t<h3 role=\"button\" id=\"accordion-1-t4\" class=\"accordion-title js-accordion-controller\" aria-controls=\"accordion-1-c4\" aria-expanded=\"false\" tabindex=\"0\">\n\t\t\t\tContact SKOA\t\t\t<\/h3>\n\t\t\n\t\t<div id=\"accordion-1-c4\" class=\"accordion-content\" aria-hidden=\"true\">\n\t\t\t<\/p>\n<ul>\n<li><a href=\"https:\/\/www.ea.aw\/pages\/contact\/skoa\/\">Stichting Katholiek Onderwijs Aruba (SKOA)<\/a><\/li>\n<\/ul>\n<p>\t\t<\/div>\n\n\t\t<\/p>\n<p><\/div>\n<hr \/>\n<h3><span style=\"color: #333333;\">Noticia<\/span><\/h3>\n<ul class=\"display-posts-listing\"><li class=\"listing-item\"><a class=\"title\" href=\"https:\/\/www.ea.aw\/pages\/minister-di-ensenansa-ta-reuni-cu-simar\/\">Minister di Ense\u00f1ansa ta reuni cu SIMAR<\/a> <span class=\"date\">(3\/12\/2024)<\/span><\/li><li class=\"listing-item\"><a class=\"title\" href=\"https:\/\/www.ea.aw\/pages\/minister-di-ensenansa-ta-reuni-cu-skoa\/\">Minister di Ense\u00f1ansa ta reuni cu SKOA<\/a> <span class=\"date\">(3\/12\/2024)<\/span><\/li><li class=\"listing-item\"><a class=\"title\" href=\"https:\/\/www.ea.aw\/pages\/pasantia-di-observacion-snuffelstage\/\">Pasantia di observacion (snuffelstage)<\/a> <span class=\"date\">(1\/8\/2024)<\/span><\/li><li class=\"listing-item\"><a class=\"title\" href=\"https:\/\/www.ea.aw\/pages\/nationale-doorstroomtoets-2\/\">Nationale Doorstroomtoets<\/a> <span class=\"date\">(6\/20\/2023)<\/span><\/li><li class=\"listing-item\"><a class=\"title\" href=\"https:\/\/www.ea.aw\/pages\/skoa-a-habri-inscripcion-pa-basis-y-mavo\/\">SKOA a habri inscripcion pa Basis y Mavo<\/a> <span class=\"date\">(3\/17\/2023)<\/span><\/li><li class=\"listing-item\"><a class=\"title\" href=\"https:\/\/www.ea.aw\/pages\/skoa-a-habri-aplicacion-pa-kleuter\/\">SKOA a habri aplicacion pa kleuter<\/a> <span class=\"date\">(11\/23\/2022)<\/span><\/li><li class=\"listing-item\"><a class=\"title\" href=\"https:\/\/www.ea.aw\/pages\/comision-pa-trata-reto-cu-werksters-di-skoa\/\">Comision pa trata reto cu &#8220;werksters&#8221; di SKOA<\/a> <span class=\"date\">(10\/15\/2021)<\/span><\/li><li class=\"listing-item\"><a class=\"title\" href=\"https:\/\/www.ea.aw\/pages\/conferencia-di-prensa-diferente-topico\/\">Conferencia di prensa: Diferente topico<\/a> <span class=\"date\">(10\/4\/2021)<\/span><\/li><li class=\"listing-item\"><a class=\"title\" href=\"https:\/\/www.ea.aw\/pages\/skoa-peticion-pa-inscripcion-pa-ana-escolar-2022-2023\/\">SKOA: Peticion pa inscripcion pa a\u00f1a escolar 2022-2023<\/a> <span class=\"date\">(10\/4\/2021)<\/span><\/li><li class=\"listing-item\"><a class=\"title\" href=\"https:\/\/www.ea.aw\/pages\/conferencia-di-prensa-retonan-den-ensenansa\/\">Conferencia di prensa: Retonan den Ense\u00f1ansa<\/a> <span class=\"date\">(9\/30\/2021)<\/span><\/li><\/ul>\n<hr \/>\n<h3><\/h3>\n","protected":false},"excerpt":{"rendered":"<p>Gesubsidieerde bijzondere schoolbesturen: Stichting Katholiek Onderwijs Aruba (SKOA) Subsidized special school boards: Foundation for Catholic education Stichting Katholiek Onderwijs Aruba (SKOA) a wordo funda dia 1 di januari 1971 pa ofrece ense\u00f1ansa basa riba e religion catolico na Aruba. SKOA tin bou su maneho: 15 scol di ense\u00f1ansa preparatorio (kleuter) 25 scol di ense\u00f1ansa basico [&hellip;]<\/p>\n","protected":false},"author":2,"featured_media":0,"parent":5,"menu_order":0,"comment_status":"closed","ping_status":"closed","template":"","meta":{"footnotes":""},"class_list":["post-19412","page","type-page","status-publish","hentry"],"_links":{"self":[{"href":"https:\/\/www.ea.aw\/pages\/wp-json\/wp\/v2\/pages\/19412","targetHints":{"allow":["GET"]}}],"collection":[{"href":"https:\/\/www.ea.aw\/pages\/wp-json\/wp\/v2\/pages"}],"about":[{"href":"https:\/\/www.ea.aw\/pages\/wp-json\/wp\/v2\/types\/page"}],"author":[{"embeddable":true,"href":"https:\/\/www.ea.aw\/pages\/wp-json\/wp\/v2\/users\/2"}],"replies":[{"embeddable":true,"href":"https:\/\/www.ea.aw\/pages\/wp-json\/wp\/v2\/comments?post=19412"}],"version-history":[{"count":16,"href":"https:\/\/www.ea.aw\/pages\/wp-json\/wp\/v2\/pages\/19412\/revisions"}],"predecessor-version":[{"id":28695,"href":"https:\/\/www.ea.aw\/pages\/wp-json\/wp\/v2\/pages\/19412\/revisions\/28695"}],"up":[{"embeddable":true,"href":"https:\/\/www.ea.aw\/pages\/wp-json\/wp\/v2\/pages\/5"}],"wp:attachment":[{"href":"https:\/\/www.ea.aw\/pages\/wp-json\/wp\/v2\/media?parent=19412"}],"curies":[{"name":"wp","href":"https:\/\/api.w.org\/{rel}","templated":true}]}}